of k?
2, 3, 7, 11
Let g(l) = -l**3 + 9*l**2 - l + 4. Let q be g(9). What are the prime factors of -28*(-4 + (q - -2))?
2, 7
Let x(h) = -h**3 - 2*h**2 + 3*h - 4. Let t(k) = 2*k + 8. Let o be t(-6). Let g be x(o). Suppose 2*f + g = 56. List the prime factors of f.
2, 5
Let g be -1 - (-3 + 2 - 3). Suppose -c = g*f - 6*f + 365, 5*f = c + 609. What are the prime factors of f?
2, 61
Let q = -12 + 11. List the prime factors of 70 + (-4 - -2) + q.
67
Suppose -20*s + 25784 = -25096. What are the prime factors of s?
2, 3, 53
Let x(f) be the second derivative of 13*f**3/6 - 21*f**2 - 35*f. List the prime factors of x(12).
2, 3, 19
Let o(s) = s**3 - 5*s**2 + 20*s - 2. List the prime factors of o(7).
2, 59
Let x(t) = 48*t + 18. Let z be x(-3). Let g = z - -245. List the prime factors of g.
7, 17
Suppose -q = q + 24. Let s(z) = z + 7. Let o be s(q). List the prime factors of 4 + (o - -3) + 3.
5
Let w(v) = -4*v + 106. What are the prime factors of w(-18)?
2, 89
Let l be (4 - (2 + -1))*118/6. Suppose -n = 4*u - l, -3*u = -u - 4. List the prime factors of n.
3, 17
Let w(o) be the first derivative of o**3/3 - o**2/2 - o + 15. Suppose 0 = l - 2*v + v - 8, 17 = -l - 4*v. What are the prime factors of w(l)?
5
Suppose 0 = 3*b + 8*b + 66. Let q(g) = 5*g**2 + 6*g + 10. List the prime factors of q(b).
2, 7, 11
Suppose -3*m - 7*l = -9*l - 2967, -l - 990 = -m. What are the prime factors of m?
3, 7, 47
Let s(x) = 17*x**2 - 1. Let h be s(-1). Let a = h - 14. What are the prime factors of 27/a - (-3)/2?
3, 5
Suppose 4*r + 14 = -r - h, 2*r + 2*h + 12 = 0. Let s be 45/(-20) - r/8. Let w(v) = 11*v**2 + 2*v - 2. List the prime factors of w(s).
2, 19
Suppose 4*l - 280 = -2*i, -l - 73 - 232 = -2*i. Suppose -5*p = -3*m - 2*m - i, p + 5*m - 42 = 0. List the prime factors of p.
2
Let j(u) = -4*u + 37. Let h be j(11). Let b(t) = t**2 - 2*t - 13. List the prime factors of b(h).
2, 5
Let q = 1722 - 954. What are the prime factors of q?
2, 3
Let s(b) = b**3 - 27*b**2 + 26*b - 3. Let g be s(26). What are the prime factors of g - (231 - 2)*-1?
2, 113
Let f(y) = 67*y + 111. What are the prime factors of f(11)?
2, 53
Suppose 1168 + 6144 = 8*a. List the prime factors of a.
2, 457
Let y(o) = o**2 + 4*o - 4. Let p be y(2). List the prime factors of 642/p + ((-75)/20)/15.
2, 5
Let o be -3 - (-1 - (1 + -70)). Let x be (-5)/(-35) + o/7. Let p(q) = -8*q - 13. List the prime factors of p(x).
67
Let c(r) = r. Let p(y) = 22*y + 24. Let m(f) = -8*c(f) + p(f). List the prime factors of m(10).
2, 41
Suppose -31 = -i - 2*x, 3*i - 4*i + 4*x = -25. Let l = i + -21. Let t = l - 3. List the prime factors of t.
5
Let v = 3084 + -2388. List the prime factors of v.
2, 3, 29
What are the prime factors of (-6)/(2*(-4)/3860)?
3, 5, 193
Let h be 4/(5 - 1)*-1. Let i(j) = -11*j - 4. List the prime factors of i(h).
7
Let r = 6 + -28. Let b = r + 9. Let m = 40 + b. What are the prime factors of m?
3
Suppose 15*d = 10*d + 655. What are the prime factors of d?
131
Suppose 7*i + 15 = 12*i. Suppose -1 = -w, 2*w = i*u - u - 130. Suppose 7*k - 3*k = -h + u, 0 = h - 2*k - 42. List the prime factors of h.
2, 5
Suppose 4 = -i + 6. Suppose 2*g + 3*z = 0, i*g - 4*z - 7 = -21. Let f = g - -5. What are the prime factors of f?
2
Let l = -327 - -573. What are the prime factors of l?
2, 3, 41
Let y(v) = v**2 + v + 3. Let s be y(0). Suppose 5*z + 2*a = -s*a + 465, -4*z - 3*a + 376 = 0. Suppose 2*d + 17 = z. List the prime factors of d.
2, 5
Suppose 0 = -3*x + 3*w + 840, 9*x + 5*w - 1450 = 4*x. Let m be (-3)/(-6) + x/6. Let d = -27 + m. List the prime factors of d.
3, 7
Let u(p) = -3*p**2 + 2*p - 3. Let l be u(3). Let x be ((-8)/l)/(1/18). Suppose -x*o = -o - 30. What are the prime factors of o?
2, 3
Suppose 0 = 5*p + 2*g - 1999, -4*p + 17*g - 18*g + 1601 = 0. What are the prime factors of p?
401
Let p = 5 - 3. Let v(t) = 2*t**3 - 4*t**2 + t + 2. Let a be v(p). Suppose -51 = -w - a*r - 11, -4*r - 60 = -4*w. What are the prime factors of w?
2, 5
Suppose -k + 3*v + 12 = 0, k - 36 = -2*k - 4*v. Suppose -k + 7 = -n. List the prime factors of n.
5
Let n = -8 + 36. Suppose -2*y + 174 + n = 0. What are the prime factors of y?
101
Let c = 23 - 35. Let f = c + 14. What are the prime factors of (-187)/(-4) + f/8?
47
Let n(v) = 7*v**2 - 3*v - 2. List the prime factors of n(-6).
2, 67
Let p = 262 + 3. List the prime factors of p.
5, 53
List the prime factors of -70*(5/40 + (-324)/32).
2, 5, 7
Suppose 11*o + 78 = 2*p + 9*o, 0 = 4*p - 5*o - 153. List the prime factors of p.
2, 3, 7
Suppose 21 = 4*d + 137. Let w = d + 37. What are the prime factors of w?
2
Let o(g) = 8*g**2 + 3*g + 1. Let z be o(3). Let a = -138 + z. Let t = 8 - a. What are the prime factors of t?
2
Let b(t) = -t**3 + 11*t**2 - 13*t + 8. Let q be b(8). Suppose -38 = -o + d + 13, -2*o - d + q = 0. What are the prime factors of o?
7
Suppose f + 4*f - 15 = 0. Suppose 2*u - n - 127 = 0, 0*n - 51 = -u + f*n. List the prime factors of u.
2, 3, 11
Suppose 0 = -12*k + 3720 + 17724. List the prime factors of k.
1787
Let r(p) = p**2 - p - 15. Let z be r(-7). Suppose 37*m = z*m - 288. What are the prime factors of m?
2, 3
Let f(x) = 2*x + 3. Let r be f(-3). Let j be (-1 - -2) + -2 - 0. List the prime factors of j*(r + 0 - -1).
2
Let n(q) = -2*q**2 + 35*q + 22. Let z be n(18). Suppose 2*f - 148 = -z*b, -f + 2*b - 7*b + 59 = 0. List the prime factors of f.
2, 3, 7
Let b(p) = p**3 - 5*p**2 - 41*p - 9. List the prime factors of b(13).
2, 3, 5
Suppose -5*j + 5 = -0*j. Let a = j + 9. Suppose 2*r = 8 + a. What are the prime factors of r?
3
Suppose -58*u + 62*u - 1212 = 0. What are the prime factors of u?
3, 101
Suppose -5*v - 5 = -5*u - 35, v = -4*u + 26. Let h(z) = -z - 7. Let b(r) = 2*r + 15. Let k(n) = 3*b(n) + 5*h(n). List the prime factors of k(v).
2, 5
Suppose 12*q - 356 = 8*q. Suppose -y = -2*a + 2*y + 45, 5*y = 4*a - q. Suppose -n + 3*n - 5*h = 60, -n = 2*h - a. What are the prime factors of n?
5
Let l(g) = -g**3 - 11*g**2 + 12*g + 16. Let r be 0/((2 + 1)/(-3)). Let z be (0 - (12 - r))*1. What are the prime factors of l(z)?
2
Let s = -31 + 24. What are the prime factors of (s + 6)*(2 - 35)?
3, 11
Let i(q) = q + 31. Let a = -20 - -11. What are the prime factors of i(a)?
2, 11
Suppose -4*d - 1888 = -3*c + 7*c, -c = -5*d + 448. What are the prime factors of c/(-15) - 2/10?
31
Let u(f) = f**2 - 6*f + 4. Suppose -2*p - 19 = -y, 60 = 5*y + 3*p + 4. List the prime factors of u(y).
5, 19
Let z(x) = 16*x**2 - 12*x - 8. What are the prime factors of z(4)?
2, 5
Suppose 0 = 74*a - 6754 - 4568. List the prime factors of a.
3, 17
Let g(u) = -2*u - 3. Let k be g(-5). Let w(c) = -c + 9. Let l be w(k). What are the prime factors of (1/(-3))/(l/(-234))?
3, 13
Let i(m) = 57*m - 15. Let n be i(5). Suppose 0 = -p - 4*p + n. List the prime factors of p.
2, 3
Let m = 67 - 69. Let l(g) = -78*g. List the prime factors of l(m).
2, 3, 13
Let d(u) = 8*u**2 + u**3 - 7*u + 3*u**2 + 6 - u**2. Let k be d(-6). Suppose 2*b - k = -5*n + b, -3*b + 6 = 0. List the prime factors of n.
2, 19
Let z be (-2)/5 + (-44)/(-10). Let b = z - 1. Suppose -b*f = -5*f + 156. What are the prime factors of f?
2, 3, 13
Suppose -12 = -2*j - j. Suppose h - 6 + j = 0. What are the prime factors of -2 + (15*h - 1)?
3
Let w = 1719 - 892. What are the prime factors of w?
827
Let t = 28 - 28. Suppose t = -2*w + 84 + 20. What are the prime factors of w?
2, 13
Let u be (0*(-2)/(-8))/(-1). Suppose u = -2*z - m - 17, 0 = 4*z - 3*m + 8*m + 37. List the prime factors of z/5*(-5 + 0).
2
Suppose 3*n = -13 - 11. Let r(v) = -v**2 - 8*v - 1. Let m be r(n). List the prime factors of m*(-26)/2 - -3.
2
Let f = 457 + -244. What are the prime factors of f?
3, 71
Suppose -5*a = 2*j - 15 - 57, 3*a - 32 = -4*j. Let b(q) = -q**2 + 8*q - 3. Let f be b(3). Let r = a - f. List the prime factors of r.
2
Let k(o) = -25 + 45*o - 27*o - 19*o + o**2. List the prime factors of k(7).
17
What are the prime factors of (-3 + 4 - 16/24)*14661?
3, 181
Suppose 0 = 4*v - 5*r - 3240, 3*r = -2*v + 1558 + 84. What are the prime factors of v?
5, 163
Let z = -246 - -1359. List the prime factors of z.
3, 7, 53
Let x be 1 + 2 - (-5 + 4). Let h be -2 - -80 - (-4 + x). Let k = h - 56. List the prime factors of k.
2, 11
Let d = 31 + -29. Suppose -d*z = 11 - 131. What are the prime factors of z?